{"id":235,"date":"2022-09-05T13:48:57","date_gmt":"2022-09-05T13:48:57","guid":{"rendered":"https:\/\/www.theglobalarchitect.polimi.it\/?page_id=235"},"modified":"2022-09-22T15:13:19","modified_gmt":"2022-09-22T15:13:19","slug":"fall-2021","status":"publish","type":"page","link":"https:\/\/www.theglobalarchitect.polimi.it\/?page_id=235","title":{"rendered":"FALL 2021"},"content":{"rendered":"\n<div class=\"wp-block-group alignfull\"><div class=\"wp-block-group__inner-container is-layout-flow wp-block-group-is-layout-flow\">\n<div class=\"wp-block-columns alignfull is-layout-flex wp-container-core-columns-is-layout-8f761849 wp-block-columns-is-layout-flex\">\n<div class=\"wp-block-column is-vertically-aligned-top is-layout-flow wp-block-column-is-layout-flow\" style=\"flex-basis:33.33%\"><nav style=\"font-style:normal;font-weight:600;\" class=\"has-text-color has-accent-color has-normal-font-size items-justified-right is-vertical wp-block-navigation is-content-justification-right is-layout-flex wp-container-core-navigation-is-layout-2b4002ad wp-block-navigation-is-layout-flex\" aria-label=\"Navigation 3 (fall 2021)\"><ul style=\"font-style:normal;font-weight:600;\" class=\"wp-block-navigation__container has-text-color has-accent-color has-normal-font-size items-justified-right is-vertical wp-block-navigation has-normal-font-size\"><li class=\"has-normal-font-size wp-block-navigation-item wp-block-navigation-link\"><a class=\"wp-block-navigation-item__content\"  href=\"https:\/\/www.theglobalarchitect.polimi.it\/?page_id=863\" target=\"_blank\"  ><span class=\"wp-block-navigation-item__label\">Assignments<\/span><\/a><\/li><li class=\"has-normal-font-size wp-block-navigation-item wp-block-navigation-link\"><a class=\"wp-block-navigation-item__content\"  href=\"https:\/\/www.theglobalarchitect.polimi.it\/?page_id=879\" target=\"_blank\"  ><span class=\"wp-block-navigation-item__label\">Student posters<\/span><\/a><\/li><\/ul><\/nav><\/div>\n\n\n\n<div class=\"wp-block-column is-vertically-aligned-top is-layout-flow wp-block-column-is-layout-flow\" style=\"flex-basis:50%\">\n<p class=\"has-normal-font-size wp-block-paragraph\">During the Fall 2021 term, four tasks were assigned to students: they were given select readings and, working in groups, were required to submit a short written document summarizing the position of the readings\u2019 author(s) and the main aim of the text, highlighting the relations between the latter and the\u202fresearch questions addressed in the seminar; they were assigned texts related to the three lectures of September 29<sup>th<\/sup> \u2014 by Jiawen Han (Xi\u2019an Jiaotong-Liverpool University), Pl\u00e1cido Gonz\u00e1lez (Tongji University) and Tao Shu (University of Hong Kong) \u2014 and asked to prepare questions for the lecturers; they were required to identify one emerging transnational architectural office whose activity (consisting of both projects and realized buildings) is located in at least two countries or continents; in addition, they were asked to summarize the office\u2019s profile, highlight the relation between its activity and the\u202fquestions\u202faddressed by the research seminar, and map the global connections within the network of emergent transnational architectural offices, tracing their links around the world; they were asked to produce a critical dialogue, at distance and <em>a posteriori<\/em>, with the participants to the Symposium \u201cAffirming Actions\u201d, which was held at the \u00c9cole Polytechnique F\u00e9d\u00e9rale de Lausanne (EPFL) on May 29<sup>th<\/sup>, 2021, in celebration of the 10<sup>th<\/sup> anniversary of the opening of the Rolex Learning Centre. Organized by Professor Paolo Tombesi, the event involved fifteen women architects: the format was based on a series of 60-minute thematic discussions between two architects. Each discussion was structured around a topic, chosen as an opportunity for the invited guests to articulate some of the aspects informing their architectural positions. Finally, students were asked to form groups, based on the convergence of research interests, and work on the preparation of posters illustrating a research question related to the seminars\u2019 topics. Accompanied by maps, graphs, photographs, drawings, plans, and text references, as well as featuring keywords, the posters were publicly displayed during a session held on November 11<sup>th<\/sup>.<\/p>\n<\/div>\n<\/div>\n<\/div><\/div>\n","protected":false},"excerpt":{"rendered":"<p>During the Fall 2021 term, four tasks were assigned to students: they were given select readings and, working in groups, were required to submit a short written document summarizing the position of the readings\u2019 author(s) and the main aim of the text, highlighting the relations between the latter and the\u202fresearch questions addressed in the seminar; [&hellip;]<\/p>\n","protected":false},"author":6,"featured_media":0,"parent":0,"menu_order":0,"comment_status":"closed","ping_status":"closed","template":"","meta":{"_crdt_document":"","footnotes":""},"categories":[],"tags":[26],"class_list":["post-235","page","type-page","status-publish","hentry","tag-26"],"_links":{"self":[{"href":"https:\/\/www.theglobalarchitect.polimi.it\/index.php?rest_route=\/wp\/v2\/pages\/235","targetHints":{"allow":["GET"]}}],"collection":[{"href":"https:\/\/www.theglobalarchitect.polimi.it\/index.php?rest_route=\/wp\/v2\/pages"}],"about":[{"href":"https:\/\/www.theglobalarchitect.polimi.it\/index.php?rest_route=\/wp\/v2\/types\/page"}],"author":[{"embeddable":true,"href":"https:\/\/www.theglobalarchitect.polimi.it\/index.php?rest_route=\/wp\/v2\/users\/6"}],"replies":[{"embeddable":true,"href":"https:\/\/www.theglobalarchitect.polimi.it\/index.php?rest_route=%2Fwp%2Fv2%2Fcomments&post=235"}],"version-history":[{"count":13,"href":"https:\/\/www.theglobalarchitect.polimi.it\/index.php?rest_route=\/wp\/v2\/pages\/235\/revisions"}],"predecessor-version":[{"id":1022,"href":"https:\/\/www.theglobalarchitect.polimi.it\/index.php?rest_route=\/wp\/v2\/pages\/235\/revisions\/1022"}],"wp:attachment":[{"href":"https:\/\/www.theglobalarchitect.polimi.it\/index.php?rest_route=%2Fwp%2Fv2%2Fmedia&parent=235"}],"wp:term":[{"taxonomy":"category","embeddable":true,"href":"https:\/\/www.theglobalarchitect.polimi.it\/index.php?rest_route=%2Fwp%2Fv2%2Fcategories&post=235"},{"taxonomy":"post_tag","embeddable":true,"href":"https:\/\/www.theglobalarchitect.polimi.it\/index.php?rest_route=%2Fwp%2Fv2%2Ftags&post=235"}],"curies":[{"name":"wp","href":"https:\/\/api.w.org\/{rel}","templated":true}]}}